by 123?
120
Calculate the remainder when 138 is divided by 74.
64
What is the remainder when 5198 is divided by 62?
52
What is the remainder when 12807 is divided by 70?
67
Calculate the remainder when 54 is divided by 32.
22
Calculate the remainder when 198 is divided by 40.
38
What is the remainder when 11472 is divided by 85?
82
Calculate the remainder when 436 is divided by 21.
16
Calculate the remainder when 2428 is divided by 54.
52
Calculate the remainder when 12 is divided by 6.
0
Calculate the remainder when 491 is divided by 11.
7
What is the remainder when 2008 is divided by 540?
388
Calculate the remainder when 529 is divided by 66.
1
Calculate the remainder when 5542 is divided by 8.
6
Calculate the remainder when 248 is divided by 50.
48
What is the remainder when 211 is divided by 73?
65
What is the remainder when 50 is divided by 17?
16
Calculate the remainder when 503 is divided by 40.
23
What is the remainder when 570 is divided by 107?
35
Calculate the remainder when 2658 is divided by 31.
23
Calculate the remainder when 121 is divided by 21.
16
What is the remainder when 905 is divided by 200?
105
What is the remainder when 644 is divided by 159?
8
Calculate the remainder when 156 is divided by 20.
16
What is the remainder when 7333 is divided by 163?
161
What is the remainder when 1630 is divided by 539?
13
Calculate the remainder when 131 is divided by 67.
64
What is the remainder when 359 is divided by 75?
59
Calculate the remainder when 1860 is divided by 38.
36
What is the remainder when 1042 is divided by 55?
52
What is the remainder when 916 is divided by 8?
4
What is the remainder when 814 is divided by 63?
58
Calculate the remainder when 36 is divided by 20.
16
Calculate the remainder when 5603 is divided by 59.
57
Calculate the remainder when 1757 is divided by 8.
5
Calculate the remainder when 20 is divided by 5.
0
What is the remainder when 202 is divided by 15?
7
What is the remainder when 461 is divided by 18?
11
What is the remainder when 286 is divided by 41?
40
What is the remainder when 514 is divided by 507?
7
Calculate the remainder when 208 is divided by 49.
12
Calculate the remainder when 707 is divided by 55.
47
What is the remainder when 7876 is divided by 37?
32
Calculate the remainder when 58 is divided by 5.
3
Calculate the remainder when 93 is divided by 20.
13
Calculate the remainder when 11106 is divided by 2775.
6
Calculate the remainder when 136 is divided by 56.
24
Calculate the remainder when 155 is divided by 27.
20
What is the remainder when 415 is divided by 197?
21
What is the remainder when 8635 is divided by 29?
22
What is the remainder when 367 is divided by 32?
15
What is the remainder when 883 is divided by 149?
138
What is the remainder when 319 is divided by 87?
58
What is the remainder when 2113 is divided by 210?
13
Calculate the remainder when 100 is divided by 43.
14
Calculate the remainder when 1734 is divided by 1708.
26
What is the remainder when 434 is divided by 33?
5
Calculate the remainder when 31 is divided by 11.
9
What is the remainder when 199 is divided by 36?
19
Calculate the remainder when 309 is divided by 80.
69
What is the remainder when 340 is divided by 11?
10
What is the remainder when 778 is divided by 157?
150
Calculate the remainder when 1872 is divided by 125.
122
What is the remainder when 290 is divided by 74?
68
What is the remainder when 104 is divided by 47?
10
What is the remainder when 198 is divided by 80?
38
What is the remainder when 1115 is divided by 43?
40
Calculate the remainder when 706 is divided by 26.
4
What is the remainder when 411 is divided by 32?
27
Calculate the remainder when 3896 is divided by 50.
46
What is the remainder when 121 is divided by 29?
5
What is the remainder when 752 is divided by 6?
2
Calculate the remainder when 508 is divided by 51.
49
What is the remainder when 508 is divided by 13?
1
Calculate the remainder when 27 is divided by 14.
13
Calculate the remainder when 79 is divided by 20.
19
What is the remainder when 361 is divided by 14?
11
What is the remainder when 473 is divided by 6?
5
Calculate the remainder when 25919 is divided by 36.
35
What is the remainder when 1524 is divided by 498?
30
Calculate the remainder when 219 is divided by 57.
48
Calculate the remainder when 155 is divided by 155.
0
Calculate the remainder when 342 is divided by 120.
102
What is the remainder when 308 is divided by 87?
47
What is the remainder when 191 is divided by 64?
63
Calculate the remainder when 1504 is divided by 64.
32
Calculate the remainder when 15903 is divided by 22.
19
Calculate the remainder when 3345 is divided by 31.
28
Calculate the remainder when 321 is divided by 149.
23
What is the remainder when 143 is divided by 19?
10
Calculate the remainder when 5020 is divided by 54.
52
What is the remainder when 3064 is divided by 1009?
37
Calculate the remainder when 718 is divided by 294.
130
Calculate the remainder when 658 is divided by 44.
42
Calculate the remainder when 398 is divided by 49.
6
What is the remainder when 54 is divided by 14?
12
Calculate the remainder when 198 is divided by 50.
48
What is the remainder when 134 is divided by 49?
36
What is the remainder when 101 is divided by 52?
49
What is the remainder when 211 is divided by 55?
46
What is the remainder when 5524 is divided by 18?
16
Calculate the remainder when 3231 is divided by 61.
59
Calculate the remainder when 758 is divided by 6.
2
What is the remainder when 183 is divided by 65?
53
Calculate the remainder when 192 is divided by 112.
80
Calculate the remainder when 846 is divided by 16.
14
What is the remainder when 449 is divided by 25?
24
What is the remainder when 640 is divided by 120?
40
What is the remainder when 837 is divided by 14?
11
What is the remainder when 1462 is divided by 292?
2
Calculate the remainder when 178 is divided by 30.
28
What is the remainder when 711 is divided by 42?
39
Calculate the remainder when 93 is divided by 31.
0
What is the remainder when 335 is divided by 12?
11
Calculate the remainder when 161 is divided by 28.
21
What is the remainder when 234 is divided by 136?
98
Calculate the remainder when 10887 is divided by 41.
22
What is the remainder when 306 is divided by 22?
20
What is the remainder when 2169 is divided by 130?
89
What is the remainder when 413 is divided by 118?
59
What is the remainder when 1512 is divided by 304?
296
What is the remainder when 184 is divided by 37?
36
What is the remainder when 40 is divided by 25?
15
Calculate the remainder when 273 is divided by 12.
9
Calculate the remainder when 820 is divided by 267.
19
Calculate the remainder when 1971 is divided by 47.
44
Calculate the remainder when 2007 is divided by 202.
189
Calculate the remainder when 550 is divided by 23.
21
What is the remainder when 374 is divided by 3?
2
What is the remainder when 2211 is divided by 180?
51
What is the remainder when 1219 is divided by 40?
19
Calculate the remainder when 102 is divided by 15.
12
Calculate the remainder when 30 is divided by 11.
8
What is the remainder when 3575 is divided by 1779?
17
Calculate the remainder when 194 is divided by 49.
47
What is the remainder when 475 is divided by 109?
39
Calculate the remainder when 149 is divided by 20.
9
Calculate the remainder when 708 is divided by 9.
6
Calculate the remainder when 209 is divided by 68.
5
What is the remainder when 1501 is divided by 3?
1
What is the remainder when 7373 is divided by 125?
123
Calculate the remainder when 3949 is divided by 5.
4
What is the remainder when 964 is divided by 261?
181
Calculate the remainder when 1677 is divided by 28.
25
What is the remainder when 6163 is divided by 12?
7
Calculate the remainder when 60 is divided by 21.
18
Calculate the remainder when 231 is divided by 221.
10
What is the remainder when 63 is divided by 8?
7
What is the remainder when 1258 is divided by 13?
10
What is the remainder when 825 is divided by 101?
17
Calculate the remainder when 708 is divided by 311.
86
Calculate the remainder when 2 is divided by 2.
0
What is the remainder when 490 is divided by 34?
14
What is the remainder when 1259 is divided by 5?
4
Calculate the remainder when 639 is divid